0 = 6*o - 10*o - 4*p + 1148, 4*o + 3*p = u. What is the tens digit of o?
9
Let a be -3*(-1)/(-3) + 4 + 16. Suppose 0 = -a*c + 16*c + 24. Suppose 132 = 9*y - c*y. What is the tens digit of y?
3
Let m = 725 - 329. Suppose 0 = -4*c + 2*c + m. Suppose 0 = k + 2*k - c. What is the units digit of k?
6
Let b = -60822 + 90042. What is the tens digit of b?
2
Let g be 14/(-42)*0/(4/2). Let v(p) = -2*p**3 - p**2 - 3*p + 802. What is the units digit of v(g)?
2
Let s = -22 - -28. Suppose 3*o - 2*t = -s*t + 6, -3*t - 3 = o. What is the units digit of o?
6
Suppose 2*b + 5*f - 126 = 0, 2*b = -0*b + 2*f + 140. Suppose 416 = 2*l + 3*w - b, 2*l + w = 488. What is the tens digit of l?
4
Suppose -5*d + c + 3*c = 58, -5*c = -4*d - 41. Let j(x) = 1017 - 527 - 3*x - 505. What is the tens digit of j(d)?
2
Let m be (-45)/27*-6*3/6. Suppose 2*a = a - q + 1183, 1189 = a - m*q. What is the units digit of a?
4
Let p be 2*1*150/(-12). What is the hundreds digit of (-2)/8*-4 - 17*p?
4
Let s(b) = 46*b**2 + 43*b + 79. Let f be s(-11). Suppose -212*k + f = -208*k. What is the tens digit of k?
9
Suppose -49 = -3*m - 13. Suppose -m*w + 11*w = 0. Suppose w = 3*p - 3*a + 5*a - 142, -120 = -2*p + 5*a. What is the tens digit of p?
5
Let p(k) = 10*k + 18. Let g be p(-10). Let z = -77 - g. Suppose 4*f - 870 = -2*m, 401 - 1469 = -z*f + 4*m. What is the hundreds digit of f?
2
Suppose a + 2*y - 106 = 0, 2*a + 2*y - 177 = 5*y. Suppose -5*x + 28 = 2*x. Suppose 5*f - a = x*k, 116 - 41 = 4*f - 5*k. What is the tens digit of f?
2
Let r be (-3667)/5 + 9/(-15). Let k = -486 - r. What is the units digit of k?
8
Suppose 2*u = -5*x - 44, 0*x - 4*x = 0. Let t = u + 544. Suppose -3*z + 4*s - s = -t, z - 3*s - 176 = 0. What is the tens digit of z?
7
Suppose 3*s - 2 = 10. Suppose w - 308 = -z, w - 15 = -s*w. What is the tens digit of z?
0
Suppose 5*k + 300 = 5*c, -5*c + 180 + 124 = -3*k. Let b = -60 + c. What is the tens digit of (9/b + -5)/((-1)/394)?
9
Let u(r) = -47*r - 3. Let i(y) = 420*y + 30. Let q(j) = 140*j + 10. Let w(n) = 5*i(n) - 16*q(n). Let v(k) = 10*u(k) - 3*w(k). What is the tens digit of v(-1)?
5
Let w be (207/27 - 5)*105/(-2). Let z = w + 959. What is the units digit of z?
9
Let s(u) = -1121*u + 121. What is the units digit of s(-3)?
4
Suppose 0 = -2*d - 4*s + 14040, 3*s = 3*d - 31934 + 10874. What is the units digit of d?
0
Let d(a) = 129*a**2 + 9*a - 28. What is the thousands digit of d(10)?
2
Let s(r) = 1101*r**2 - 78*r + 65. What is the tens digit of s(4)?
6
Let u = 240 - 230. Let i(d) = d**3 - 6*d**2 + 8*d + 14. What is the hundreds digit of i(u)?
4
Suppose -39*t - 12382 = -824947. What is the hundreds digit of t?
8
Let r be (750/(-105))/(-2) + (-8)/14. Suppose -3*h + 2205 = r*t, 0 = 3*t - 5*h + 9*h - 2204. What is the hundreds digit of t?
7
Suppose 0 = 4*n + 2*u - 24, 2*n - 2*u - 7 + 1 = 0. Suppose 426 = -n*t + 3031. What is the hundreds digit of t?
5
Let a = -201 - -215. Suppose 0 = -2*z - x + 828, -13*x - 1660 = -4*z - a*x. What is the units digit of z?
6
What is the hundreds digit of (6 - 488/80)*-397220?
7
Suppose -2*r = 3*z - 21, 3*r + 5*z - 14 = 20. Suppose -s - r*s = -1228. What is the hundreds digit of s?
3
Let n = -28 - -37. Let x(h) = h - 7. Let m be x(n). Suppose 4*s = -m*b + 7*b - 96, 0 = 2*s - 2. What is the units digit of b?
0
Suppose -4*f = -2*f - 18. Suppose -f*r = 14*r - 9292. What is the units digit of r?
4
Suppose 2*y = 3*b - 19, 3*b - 2*b + 2*y = -7. Suppose 0 = b*j + 15, 0 = 4*s + 3*j - 623 - 166. What is the tens digit of s?
0
Let r(t) = -3*t**2 + 6*t + 4. Let i be r(7). Let g = 203 - i. What is the hundreds digit of g?
3
Let w(a) = -2*a - 29. Let m be w(-11). Let b be 2/(m/((-21)/2)). Suppose 0 = b*g - 4*n - 366, -511 = -5*g - n + 99. What is the tens digit of g?
2
Suppose u = 3*s - 195393, -77*u = -2*s - 78*u + 130247. What is the tens digit of s?
2
Let y(a) be the first derivative of 11*a**2 - 109*a - 145. What is the hundreds digit of y(11)?
1
Suppose 114 = 5*a - 4*i, 2*a - i - 4*i - 49 = 0. Suppose z - 22 = a. What is the units digit of z?
4
Let i be -4 - (5248/28 + (-4)/(-7)). Let v be (1/(-2))/((-6)/i). Let x = 82 + v. What is the tens digit of x?
6
Suppose 65 = -2*w + 7*w. Suppose -4*r + 1 = -2*c - w, 2*r = -c + 5. Suppose -3*z = 4*s - 289, 2*z = -r*z + 2*s + 447. What is the tens digit of z?
9
Let v = 37 - 1527. What is the units digit of (-2)/14*3 - v/14?
6
Suppose -3*k = -3*a + 44 - 2, -4*k - a = 31. Let n be (4 + 3 + -4)*(-219)/k. Suppose 4*m - 3*m = n. What is the units digit of m?
3
Let x = -12066 - -36805. What is the ten thousands digit of x?
2
Suppose a - 26821 = -5*k, 73137 + 61142 = 5*a - 4*k. What is the ten thousands digit of a?
2
Suppose 8*s - 2218 = -450. Let g = s + -203. What is the units digit of g?
8
Let b = 28 - -67. Let o = b + 377. What is the tens digit of o?
7
What is the hundreds digit of ((-5308)/10)/(214/(-1070))?
6
Suppose d + 742 + 896 = 4*r, -3*r + 1229 = -d. What is the tens digit of r?
0
Let m(t) = -5*t**3 - 20*t**2 - 22*t - 370. What is the ten thousands digit of m(-18)?
2
Suppose 14470 = 4*n - 3*y + 5*y, 18060 = 5*n - 3*y. What is the tens digit of n?
1
Suppose 18*p - 33732 = 17649 + 74475. What is the units digit of p?
2
Suppose 0 = -2*p - 4*j + 80, -2*p = -7*j + 4*j - 108. What is the tens digit of (p/18)/((-1317)/1323 - -1)?
8
Let a = 154 - 151. What is the units digit of 3/3 + 84/a?
9
Let x = 4428 + -1511. What is the hundreds digit of x?
9
Let w(s) = -15*s + 1. Let f be w(-2). Suppose t = 4*a + f, 4 = -t + 3. What is the units digit of 3 + -2*140/a?
8
Let o(v) = 11391*v - 23. What is the ten thousands digit of o(1)?
1
Suppose 0 = h - 0*h + 2*y + 4, 2*h + 3*y = -6. Let l be 2/(-9) + 21/(-27) + h. What is the tens digit of 32*(3/l + 4) - -4?
3
Let n(d) be the third derivative of d**4/24 + d**3/2 + 2*d**2. Let v be n(-2). Let f = v - -22. What is the units digit of f?
3
Let x(c) be the first derivative of -133 + 2*c + 27*c**2 - 137 + 264. What is the tens digit of x(1)?
5
Suppose -254*w = -252*w - 12. Suppose -5*l + 849 = 3*o, 675 = -2*l + w*l + o. What is the tens digit of l?
6
What is the ten thousands digit of ((-46908)/8)/((-6)/36)?
3
Suppose -43 = 64*q - 2603. Suppose j = -j - 18. Let b = j + q. What is the tens digit of b?
3
Let d(v) = -v - 22. Let j be d(-8). Let t be 2/j - 1892/(-14). What is the units digit of (0 - (2 - 0))/((-6)/t)?
5
Let h(c) be the third derivative of c**5/30 + 79*c**4/24 - 32*c**3/3 + 15*c**2 + 5*c. What is the units digit of h(-43)?
7
What is the tens digit of ((-1)/2)/((-6)/(-1326612)*-7)?
9
Suppose -5*f + 925 = 2*k, -5*k + f + 2596 - 270 = 0. What is the hundreds digit of k?
4
Suppose d - 33604 = 5*w - 90639, 0 = 9*w - 4*d - 102663. What is the thousands digit of w?
1
Suppose a - 526 = 5*i - 0*i, 204 = -2*i + 2*a. Let s = 366 + -98. Let r = i + s. What is the tens digit of r?
6
Let d(q) be the first derivative of 53/3*q**3 + 10*q + 6 - 3/2*q**2. What is the hundreds digit of d(2)?
2
Let u(h) = -889*h + 3728. What is the units digit of u(-14)?
4
Suppose -513 = -f + 258. Let j = f - 335. What is the units digit of j?
6
Let v(r) = 5*r**2 - 2*r - 30. What is the units digit of v(17)?
1
Let v(l) = 11*l + 19. Let m(k) = -4*k - 6. Let p(u) = -8*m(u) - 3*v(u). Let n be p(-12). Suppose -4*t = -16, n*g - 3*t = 4*g - 48. What is the tens digit of g?
3
What is the tens digit of ((-6736482)/(-14))/9 - (-5)/((-35)/(-6))?
6
Suppose 5*d - 15*d + 13300 = 0. Let z = d + -735. What is the hundreds digit of z?
5
Suppose 19086 + 25024 = 3*m - 4*s, 5*s = -4*m + 58772. What is the hundreds digit of m?
6
Suppose 20095372 = 273*n + 8419435. What is the units digit of n?
9
Suppose -2*f + 9146 = b + 1354, -b - 7788 = -2*f. Suppose -10*l + 355 + f = 0. What is the hundreds digit of l?
4
Suppose -z = -4*a + 152, a = -3*a - 2*z + 140. Suppose -a*h = -32*h - 380. What is the units digit of h?
6
Suppose 0 = -n - 2*n - 66. Let p = n + 34. What is the units digit of (p - 16) + (-6)/(-1)?
2
Let l = -8158 + 18677. What is the thousands digit of l?
0
Let q(c) = -16*c**3 - 4*c**2 - 4*c - 11. Let m be q(-4). Suppose 9*h = 4*h + m. What is the tens digit of h?
9
Suppose -3*a = 38*p - 37*p - 107007, -107049 = -3*a + 6*p. What is the hundreds digit of a?
6
Let l(b) = -2*b**2 + 26*b + 37. Let z be (-54)/15 - ((-48)/20)/